ctor of r and 12.
12
Suppose -k = -3*j + 831 + 1228, 0 = -2*j + 5*k + 1351. Calculate the highest common factor of 43 and j.
43
Let b(n) = n**2 + 5*n - 10. Let d be b(-8). Let t = 48 + -34. Calculate the highest common divisor of d and t.
14
Let x = -10 - -20. Suppose 3*g - 2 = x. Suppose -d = -g*u + 305, 5*d - 3*d = -2*u + 140. Calculate the greatest common factor of 15 and u.
15
Suppose -4*r = 4*a, r - 5*a + 12 - 42 = 0. Suppose r*u + 44 = 6*u. What is the greatest common divisor of u and 110?
22
Let i(q) = 5*q**2 + 2*q + 1. Let u be i(-1). Suppose 0*r + u*r - 320 = 0. Calculate the greatest common factor of r and 10.
10
Let q be 8/((-80)/(-210)) - (-6)/(-2). Calculate the highest common factor of 189 and q.
9
Let b = -984 + 995. Calculate the highest common factor of 176 and b.
11
Let f(u) = 10*u + 6. Let g be f(-21). Let n = -15 - g. What is the greatest common factor of 21 and n?
21
Let h(g) = 10*g + 14. Let x be h(1). Calculate the highest common factor of 9 and x.
3
Let c be 2240/6 + 20/(-15). Let o be 2 + 2*c/8. Suppose -4*a = 19 - o. Calculate the highest common factor of a and 171.
19
Let r(z) = -z**3 + 10*z**2 - 15*z - 8. Let t be r(7). What is the highest common divisor of 153 and t?
17
Let t be (-2)/10 - (6762/(-10) + -2). Calculate the highest common factor of 6 and t.
6
Let i be (-1023)/22*350/(-15). What is the highest common divisor of i and 105?
35
Let t be 3 - 10 - -1 - -32. Calculate the greatest common factor of 130 and t.
26
Let c = 253 + -214. Let h be 23 - 6*1/(-2). Calculate the greatest common factor of c and h.
13
Suppose 3*q - 4*s = 20, 5*q - s - 7 = -2. Suppose 5*r = -g + 22, q*g + g + 10 = 3*r. Calculate the highest common factor of g and 3.
1
Suppose 5*y - 5*s - 50 = 0, -12*y - 34 = -16*y + 2*s. Calculate the highest common divisor of 175 and y.
7
Let x = -4 + 24. Suppose 48 + 192 = 6*p. Let m = p - 30. What is the greatest common divisor of x and m?
10
Suppose -3*k - 1 + 0 = v, -4*k = 4*v + 4. Suppose k = -4*l - 3*l + 21. Calculate the greatest common divisor of 33 and l.
3
Let u(v) = -v**3 - 4*v**2 + 2*v + 1. Let n be u(-5). Let m = -1775 + 1919. What is the highest common divisor of m and n?
16
Let a be ((-204)/36)/((-2)/6). Let g = a + -13. Suppose g*c = 2*c + 200. What is the highest common divisor of c and 20?
20
Suppose -3*r = 6 - 24. Let w = 133 + -67. What is the highest common factor of r and w?
6
Let z(w) = 4*w + 2*w**2 + 1 - 5 + w**2 - 5*w. Let h be z(4). Let g be 3/6 + 31/2. What is the greatest common divisor of g and h?
8
Let x = -1 + 44. Suppose 2*v - 3*p - 77 = 0, -2*v - 2*p + 19 = -x. Calculate the greatest common divisor of v and 51.
17
Suppose 15*i + 1377 - 1797 = 0. Calculate the highest common factor of i and 70.
14
Suppose 8 = -6*r + 2*r. Let c be r*(-7)/(7/2). Suppose -16 = -c*k + 36. Calculate the highest common divisor of 13 and k.
13
Suppose -27*d + 2860 = -d. Calculate the greatest common factor of 55 and d.
55
Suppose 5*w - 331 - 509 = 0. Calculate the highest common divisor of w and 24.
24
Suppose 11*n - 274 = 276. What is the greatest common divisor of n and 150?
50
Let g(x) = 14*x + 185. Let w be g(10). Calculate the greatest common factor of 13 and w.
13
Let m = 348 - 195. What is the highest common divisor of m and 63?
9
Let u(c) = c**2 - 7. Let p be u(3). Let d = -11 - -8. Let a = d - -13. What is the highest common factor of p and a?
2
Let c be ((-75)/45)/(15/(-702)). Let r be -8*1/((-2)/(-14)). Let i = c + r. What is the greatest common factor of i and 55?
11
Let k = -90 - -22. Let v be -3 - 3 - -5 - (k + 1). Calculate the highest common divisor of v and 44.
22
Suppose -3*j + 3433 = -1892. What is the highest common factor of j and 25?
25
Let k(m) = -54*m - 2. Let p be k(-1). Suppose -4 + p = 4*i. Calculate the highest common factor of 8 and i.
4
Let n be (8 + -27)*-5 + 15/3. What is the greatest common divisor of n and 20?
20
Let d be (-2)/(-4) - 4/8 - -306. What is the highest common divisor of d and 34?
34
Let r = 51 - 51. Suppose -9*f = c - 6*f - 60, f + 4 = r. Suppose 0 = p - 41 - 7. Calculate the greatest common divisor of c and p.
24
Let r(f) = -f**3 + 5*f + 5. Let p be r(-5). Let q be (-80)/6*((-132)/16 + 3). What is the highest common factor of q and p?
35
Let y = 11 + -10. Let k be (y - -3)*(6 + (-2)/2). Calculate the highest common divisor of 10 and k.
10
Let f = -5 - -8. Let c(g) = g**2 - 5*g. Let q be c(12). Suppose -6*z + q = -2*z. What is the highest common divisor of f and z?
3
Let q = 770 + -760. What is the greatest common divisor of 160 and q?
10
Let t(b) = -b + 5. Let p be t(4). Suppose -n - 3*u + 0*u = -p, 4*u + 20 = 0. Let q = -1 + n. Calculate the greatest common factor of 5 and q.
5
Suppose -17*r = -21*r + 36. Let c(s) = s**3 - s**2 - 4*s. Let q = 0 - -3. Let a be c(q). What is the greatest common factor of r and a?
3
Suppose -h + 82 = -0*h. Suppose b - h = 58. Suppose b = 4*o - 180. What is the greatest common divisor of 10 and o?
10
Let v be 10608/28 + 18/(-21). What is the greatest common divisor of v and 54?
54
Let r be (0 + 1)*-4*(100 - 110). Let d be 20/6 - 6/(-9). Suppose d*u - 3*u = 16. Calculate the greatest common factor of u and r.
8
Let y = 78 - -112. Suppose -3*l = -y - 2. What is the highest common divisor of 8 and l?
8
Suppose 0 = -98*n + 12484 + 1824. Calculate the greatest common divisor of 3650 and n.
146
Suppose -19*z + 27*z - 15312 = 0. What is the greatest common factor of z and 66?
66
Let w be (-338096)/(-408) - (-16)/(-6). Calculate the greatest common divisor of 28 and w.
14
Suppose -3*l + 82 = 7*j - 9*j, -3*l = 5*j - 110. What is the highest common factor of 80 and l?
10
Suppose 21 = -11*q + 8*q. Let f be q + 824/120 - (-1052)/15. Calculate the greatest common divisor of 28 and f.
14
Let q = -29 - -34. Suppose -4*m + q*n = -65, 0 = -4*n - 4. What is the greatest common factor of m and 15?
15
Let d be (108/10)/((-1)/(-10)). What is the highest common divisor of d and 32?
4
Suppose -s - 25 = -5*k, -4*k - s + 4 + 7 = 0. Suppose -204 = -5*n - k. Calculate the highest common divisor of n and 60.
20
Let c(u) = 6*u + 27. Let i be c(-9). Let y be (2/3)/((-6)/i). Suppose -29 = -3*l - 3*a + 10, y*a = -l + 3. Calculate the greatest common divisor of 36 and l.
18
Suppose -16*l + 6*l = -40. Suppose 3*k - 54 = -4*f + 68, -2*f - 148 = -l*k. What is the highest common divisor of k and 418?
38
Suppose -3*t - 72 = -3*c, 2*c + t = -3*t + 72. Calculate the highest common divisor of c and 252.
28
Let z(p) = 6*p**3 - 3*p**2 + 2*p. Let i be z(1). Suppose w = i*v - 145, 3*v - w - 69 = -4*w. Calculate the highest common divisor of 12 and v.
4
Suppose -3*g = 3*c - 27, -9*g + 4*g = -5*c + 5. What is the greatest common factor of c and 505?
5
Let m = 52 - 42. Let q(x) = x**2 + 4*x. Let k be q(-9). Suppose 3*z + 50 = 2*g, -5*g = 4*z - 80 - k. What is the greatest common divisor of g and m?
5
Let h(x) = x**3 - 10*x**2 + 11*x - 2. Let r be h(9). What is the highest common divisor of 12 and r?
4
Suppose 0 = -2*l + 10*u - 8*u + 1618, -2430 = -3*l + 4*u. Calculate the highest common divisor of 26 and l.
26
Let b = -68 - -132. What is the greatest common divisor of b and 8?
8
Suppose -i + 40 = m, -8*i + 2*m = -13*i + 197. Calculate the greatest common factor of i and 351.
39
Let z(r) = r**3 - 2*r**2 + 5*r + 6. Suppose 0 = 5*i - 3*c, 7*c = -4*i + 2*c + 37. Let g be z(i). Calculate the highest common factor of g and 6.
6
Suppose 0 = 5*l + 5, 5*l - 1755 = 3*f - 7*f. Calculate the greatest common factor of f and 40.
40
Suppose w - 43 = 5*r, 5*w - 188 = -3*r + r. Let h = w - 34. Calculate the greatest common divisor of 20 and h.
4
Suppose 3*b - 1554 = -3*n, 3*b - 1556 = -0*b - 2*n. Calculate the highest common factor of b and 40.
40
Let d(t) = 5*t + 15. Let g be d(-8). Let c be 10/g + (-74)/(-10). What is the highest common factor of 7 and c?
7
Let b = 2050 + -711. What is the highest common divisor of 103 and b?
103
Let x be ((-650)/3)/5*(-1 + -2). Suppose -2*f + a + 31 = 0, -5*f + 70 = -3*a + 2*a. Calculate the highest common divisor of x and f.
13
Let h be (-19 - -104)*(-2)/(-5). Calculate the greatest common factor of 170 and h.
34
Suppose -519 = 7*g + 13. Let a = g + 107. What is the greatest common divisor of a and 62?
31
Suppose 4*j = 4 - 16. Let g(n) = -n